{"id":33719,"date":"2023-12-02T12:57:40","date_gmt":"2023-12-02T11:57:40","guid":{"rendered":"https:\/\/hurom.es\/asesoria\/"},"modified":"2025-03-07T11:16:20","modified_gmt":"2025-03-07T10:16:20","slug":"asesoria","status":"publish","type":"page","link":"https:\/\/hurom.es\/ca\/asesoria\/","title":{"rendered":"Consultoria"},"content":{"rendered":"\n<div class=\"wp-block-group alignfull has-background has-global-padding is-content-justification-center is-layout-constrained wp-container-core-group-is-layout-2aadf2d8 wp-block-group-is-layout-constrained\" style=\"background-color:#f9fdf5;padding-top:64px;padding-right:20px;padding-bottom:64px;padding-left:20px\">\n<div class=\"wp-block-columns are-vertically-aligned-center is-layout-flex wp-container-core-columns-is-layout-96a9e0ec wp-block-columns-is-layout-flex\" style=\"margin-top:0;margin-bottom:0;padding-top:0;padding-right:0;padding-bottom:0;padding-left:0\">\n<div class=\"wp-block-column is-vertically-aligned-center has-global-padding is-content-justification-left is-layout-constrained wp-container-core-column-is-layout-14fa8993 wp-block-column-is-layout-constrained\" style=\"padding-top:0;padding-right:0;padding-bottom:0;padding-left:0;flex-basis:55%\">\n<div class=\"wp-block-group is-vertical is-layout-flex wp-container-core-group-is-layout-3ec2841e wp-block-group-is-layout-flex\">\n<h1 class=\"wp-block-heading has-text-align-left has-contrast-color has-text-color has-medium-font-size\" style=\"text-transform:uppercase\">Consells sobre extractors de suc<\/h1>\n\n\n\n<h2 class=\"wp-block-heading has-text-align-left has-contrast-color has-text-color\" style=\"font-size:clamp(22.041px, 1.378rem + ((1vw - 3.2px) * 1.604), 36px);\">Reserva una consulta telef\u00f2nica gratu\u00efta i personalitzada amb un consultor Hurom.<br\/><br\/><\/h2>\n\n\n\n<p class=\"has-text-align-left has-text-color\" style=\"color:#666666;font-style:normal;font-weight:400\">Selecciona la data i l&#8217;hora m\u00e9s convenients al calendari i Lia et trucar\u00e0 per informar-te i contestar les teves dubtes sobre els nostres extractors i el m\u00f3n dels extractes de fruites i verdures.<\/p>\n<\/div>\n<\/div>\n\n\n\n<div class=\"wp-block-column is-vertically-aligned-center is-layout-flow wp-block-column-is-layout-flow\" style=\"flex-basis:45%\">\n<figure class=\"wp-block-image size-full has-custom-border\"><img fetchpriority=\"high\" decoding=\"async\" width=\"500\" height=\"500\" src=\"https:\/\/hurom.es\/wp-content\/uploads\/2024\/02\/hurom-h400-easy-clean.webp\" alt=\"\" class=\"wp-image-29734\" style=\"border-radius:8px\" title=\"\" srcset=\"https:\/\/hurom.es\/wp-content\/uploads\/2024\/02\/hurom-h400-easy-clean.webp 500w, https:\/\/hurom.es\/wp-content\/uploads\/2024\/02\/hurom-h400-easy-clean-300x300.webp 300w, https:\/\/hurom.es\/wp-content\/uploads\/2024\/02\/hurom-h400-easy-clean-150x150.webp 150w, https:\/\/hurom.es\/wp-content\/uploads\/2024\/02\/hurom-h400-easy-clean-441x441.webp 441w, https:\/\/hurom.es\/wp-content\/uploads\/2024\/02\/hurom-h400-easy-clean-100x100.webp 100w\" sizes=\"(max-width: 500px) 100vw, 500px\" \/><\/figure>\n<\/div>\n<\/div>\n<\/div>\n\n<div style=\"height:100px\" aria-hidden=\"true\" class=\"wp-block-spacer\"><\/div>\n\n<div class=\"wp-block-group 800 is-vertical is-content-justification-stretch is-layout-flex wp-container-core-group-is-layout-5621715d wp-block-group-is-layout-flex\">\n<div class=\"wp-block-columns is-layout-flex wp-container-core-columns-is-layout-28f84493 wp-block-columns-is-layout-flex\">\n<div class=\"wp-block-column is-layout-flow wp-block-column-is-layout-flow\" style=\"flex-basis:20%\"><\/div>\n\n\n\n<div class=\"wp-block-column is-layout-flow wp-block-column-is-layout-flow\" style=\"flex-basis:70%\">\n<h2 class=\"wp-block-heading has-text-align-center\">Conseller Hurom<\/h2>\n\n\n\n<p class=\"has-text-align-center\">Prova-ho i descobreix la soluci\u00f3 Hurom a la teva mesura: <strong>Cada extractor Hurom \u00e9s adequat per un conjunt de necessitats. Lia t&#8217;anir\u00e0 guiant pas a pas en el proc\u00e9s de compra en l\u00ednia, t&#8217;informar\u00e0 i contestar\u00e0 les teves preguntes, t&#8217;explicar\u00e0 com treure&#8217;n el millor profit i t&#8217;oferir\u00e0 els seus valuosos consells. <\/strong><\/p>\n\n\n\n<p class=\"has-text-align-center\">Si ho prefereixes, pots enviar-nos un correu electr\u00f2nic a<a href=\"mailto:asistencia@hurom.es\"> assistencia@hurom.es <\/a>i rebr\u00e0s una resposta o m\u00e9s aviat possible.<\/p>\n\n\n\n<!-- Principio del widget integrado de Calendly -->\n<div class=\"calendly-inline-widget\" data-url=\"https:\/\/calendly.com\/asistencia-hurom\/evento?hide_event_type_details=1&#038;hide_gdpr_banner=1&#038;primary_color=62ca36\" style=\"min-width:320px;height:700px;\"><\/div>\n<script type=\"text\/javascript\" src=\"https:\/\/assets.calendly.com\/assets\/external\/widget.js\" async=\"\"><\/script>\n<!-- Final del widget integrado de Calendly -->\n<\/div>\n\n\n\n<div class=\"wp-block-column is-layout-flow wp-block-column-is-layout-flow\" style=\"flex-basis:20%\"><\/div>\n<\/div>\n<\/div>\n\n<div style=\"height:100px\" aria-hidden=\"true\" class=\"wp-block-spacer\"><\/div>\n\n<div class=\"wp-block-cover alignfull has-parallax\" style=\"min-height:700px;aspect-ratio:unset;\"><span aria-hidden=\"true\" class=\"wp-block-cover__background has-background-dim-40 has-background-dim\" style=\"background-color:#000000\"><\/span><div class=\"wp-block-cover__image-background wp-image-29733 has-parallax\" style=\"background-position:50% 50%;background-image:url(https:\/\/hurom.es\/wp-content\/uploads\/2024\/02\/consulente-hurom.jpeg)\"><\/div><div class=\"wp-block-cover__inner-container is-layout-flow wp-block-cover-is-layout-flow\">\n<div class=\"wp-block-columns alignwide is-layout-flex wp-container-core-columns-is-layout-28f84493 wp-block-columns-is-layout-flex\">\n<div class=\"wp-block-column is-layout-flow wp-block-column-is-layout-flow\" style=\"flex-basis:30%\"><\/div>\n\n\n\n<div class=\"wp-block-column is-layout-flow wp-block-column-is-layout-flow\" style=\"flex-basis:80%\">\n<h2 class=\"wp-block-heading has-text-align-center alignwide has-white-color has-text-color has-large-font-size\" style=\"line-height:1.2\"><strong>Tria l&#8217;extractor que millor s&#8217;adapti a les teves necessitats i a les de la teva fam\u00edlia juntament amb el teu consultor de confian\u00e7a i aviat tindr\u00e0s el teu nou Hurom a la teva disposici\u00f3.<\/strong><\/h2>\n\n\n\n<p class=\"has-text-align-center\">SELECCIONA LA DATA I HORA M\u00c9S CONVENIENT PER A TU, AL CALENDARI I A LIA ENTRAR\u00c0 EN CONTACTE AMB TU<\/p>\n<\/div>\n\n\n\n<div class=\"wp-block-column is-layout-flow wp-block-column-is-layout-flow\" style=\"flex-basis:30%\"><\/div>\n<\/div>\n<\/div><\/div>\n\n<div class=\"wp-block-group alignfull has-global-padding is-layout-constrained wp-container-core-group-is-layout-d53f0d15 wp-block-group-is-layout-constrained\" style=\"padding-top:64px;padding-right:20px;padding-bottom:64px;padding-left:20px\">\n<div class=\"wp-block-group is-vertical is-content-justification-left is-layout-flex wp-container-core-group-is-layout-a46a9c02 wp-block-group-is-layout-flex\">\n<h3 class=\"wp-block-heading has-text-align-center\">PERGUNTES FREQUENTS<\/h3>\n\n\n\n<div class=\"wp-block-group has-global-padding is-layout-constrained wp-container-core-group-is-layout-9843040e wp-block-group-is-layout-constrained\">\n<p class=\"has-text-color\" style=\"color:#555555\">A continuaci\u00f3 trobar\u00e0s una s\u00e8rie de preguntes freq\u00fcents que hem recollit sobre aquest SERVEI DE CONSULTORIA GRATU\u00cfTA<\/p>\n<\/div>\n<\/div>\n\n\n\n<div class=\"wp-block-columns is-layout-flex wp-container-core-columns-is-layout-28f84493 wp-block-columns-is-layout-flex\">\n<div class=\"wp-block-column is-layout-flow wp-container-core-column-is-layout-6eecc127 wp-block-column-is-layout-flow\" style=\"border-style:none;border-width:0px\">\n<div class=\"wp-block-columns is-layout-flex wp-container-core-columns-is-layout-28f84493 wp-block-columns-is-layout-flex\">\n<div class=\"wp-block-column is-layout-flow wp-block-column-is-layout-flow\">\n<p><br\/><strong>Com puc reservar una consulta telef\u00f2nica personalitzada?<\/strong><\/p>\n<\/div>\n\n\n\n<div class=\"wp-block-column is-layout-flow wp-block-column-is-layout-flow\">\n<p>Selecciona la data i l&#8217;hora que m\u00e9s et convingui al calendari, omple el formulari amb les dades necess\u00e0ries i llest! Rebr\u00e0s un correu electr\u00f2nic amb el resum de la teva reserva: reserva\u2019t aquest moment i posa\u2019t c\u00f2mode, Lia et presentar\u00e0 el fascinant m\u00f3n de Hurom. <\/p>\n<\/div>\n<\/div>\n\n\n\n<hr class=\"wp-block-separator has-text-color has-alpha-channel-opacity has-background is-style-default\" style=\"background-color:#e7e7e7;color:#e7e7e7\"\/>\n\n\n\n<div class=\"wp-block-columns is-layout-flex wp-container-core-columns-is-layout-28f84493 wp-block-columns-is-layout-flex\">\n<div class=\"wp-block-column is-layout-flow wp-block-column-is-layout-flow\">\n<p><strong>O que esdevindr\u00e0 no dia d\u00f3na consulta telef\u00f4nica personalitzada?<\/strong><\/p>\n<\/div>\n\n\n\n<div class=\"wp-block-column is-layout-flow wp-block-column-is-layout-flow\">\n<p>Lia entrar\u00e0 em contato com voc\u00ea, ouvir\u00e1 les seves solicita\u00e7\u00f5es i tirar\u00e0 totes a les seves d\u00favides: n\u00e3o h\u00e1 compromisso de seva part i voc\u00ea tamb\u00e9m podr\u00e0 manter contato com ella per a saber mais sobre a experi\u00e8ncia Hurom no futur.<\/p>\n<\/div>\n<\/div>\n\n\n\n<hr class=\"wp-block-separator has-text-color has-alpha-channel-opacity has-background is-style-default\" style=\"background-color:#e7e7e7;color:#e7e7e7\"\/>\n\n\n\n<div class=\"wp-block-columns is-layout-flex wp-container-core-columns-is-layout-28f84493 wp-block-columns-is-layout-flex\">\n<div class=\"wp-block-column is-layout-flow wp-block-column-is-layout-flow\">\n<p><strong>O que s&#8217;esdev\u00e9 n\u00e3o aconseguir rebre a chamada o perd\u00ea-la?<\/strong><\/p>\n<\/div>\n\n\n\n<div class=\"wp-block-column is-layout-flow wp-block-column-is-layout-flow\">\n<p>Sem problemes! Lia temptar\u00e0 entrar em contato com voc\u00ea pela primeira vegada per telefone. Em cas de temptativa fracassada, voc\u00ea rebr\u00e0 uma missatge de text o WhatsApp dela perqu\u00e8 possam agendar uma segona liga\u00e7\u00e3o junts ou um m\u00e8tode diferent de contato entre voc\u00eas.  <\/p>\n<\/div>\n<\/div>\n\n\n\n<hr class=\"wp-block-separator has-text-color has-alpha-channel-opacity has-background is-style-default\" style=\"background-color:#e7e7e7;color:#e7e7e7\"\/>\n\n\n\n<div class=\"wp-block-columns is-layout-flex wp-container-core-columns-is-layout-28f84493 wp-block-columns-is-layout-flex\">\n<div class=\"wp-block-column is-layout-flow wp-block-column-is-layout-flow\">\n<p><strong>O aconsellament telef\u00f4nico personalitzat em custa?<\/strong><\/p>\n<\/div>\n\n\n\n<div class=\"wp-block-column is-layout-flow wp-block-column-is-layout-flow\">\n<p>Absolutament n\u00e3o. A liga\u00e7\u00e3o \u00e9 totalment gratu\u00efta per a voc\u00ea. <\/p>\n<\/div>\n<\/div>\n\n\n\n<hr class=\"wp-block-separator has-text-color has-alpha-channel-opacity has-background is-style-default\" style=\"background-color:#e7e7e7;color:#e7e7e7\"\/>\n\n\n\n<div class=\"wp-block-columns is-layout-flex wp-container-core-columns-is-layout-28f84493 wp-block-columns-is-layout-flex\">\n<div class=\"wp-block-column is-layout-flow wp-block-column-is-layout-flow\">\n<p><strong>Posso entrar a comptar direto com Lia?<\/strong><\/p>\n<\/div>\n\n\n\n<div class=\"wp-block-column is-layout-flow wp-block-column-is-layout-flow\">\n<p>\u00c9s clar! Envie um email per <a href=\"mailto:asistencia@hurom.es\">assist@hurom.es<\/a> i Lia respondr\u00e0 a la seva consulta per email. <\/p>\n<\/div>\n<\/div>\n<\/div>\n<\/div>\n<\/div>\n","protected":false},"excerpt":{"rendered":"<p>Consells sobre extractors de suc Reserva una consulta telef\u00f2nica gratu\u00efta i personalitzada amb un consultor Hurom. Selecciona la data i l&#8217;hora m\u00e9s convenients al calendari i Lia et trucar\u00e0 per informar-te i contestar les teves dubtes sobre els nostres extractors i el m\u00f3n dels extractes de fruites i verdures. Conseller Hurom Prova-ho i descobreix la [&hellip;]<\/p>\n","protected":false},"author":1,"featured_media":0,"parent":0,"menu_order":20,"comment_status":"closed","ping_status":"closed","template":"template-canvas.php","meta":{"footnotes":""},"class_list":["post-33719","page","type-page","status-publish","hentry"],"_links":{"self":[{"href":"https:\/\/hurom.es\/ca\/wp-json\/wp\/v2\/pages\/33719","targetHints":{"allow":["GET"]}}],"collection":[{"href":"https:\/\/hurom.es\/ca\/wp-json\/wp\/v2\/pages"}],"about":[{"href":"https:\/\/hurom.es\/ca\/wp-json\/wp\/v2\/types\/page"}],"author":[{"embeddable":true,"href":"https:\/\/hurom.es\/ca\/wp-json\/wp\/v2\/users\/1"}],"replies":[{"embeddable":true,"href":"https:\/\/hurom.es\/ca\/wp-json\/wp\/v2\/comments?post=33719"}],"version-history":[{"count":4,"href":"https:\/\/hurom.es\/ca\/wp-json\/wp\/v2\/pages\/33719\/revisions"}],"predecessor-version":[{"id":34069,"href":"https:\/\/hurom.es\/ca\/wp-json\/wp\/v2\/pages\/33719\/revisions\/34069"}],"wp:attachment":[{"href":"https:\/\/hurom.es\/ca\/wp-json\/wp\/v2\/media?parent=33719"}],"curies":[{"name":"wp","href":"https:\/\/api.w.org\/{rel}","templated":true}]}}

<div class="wp-block-group alignfull has-background has-global-padding is-content-justification-center is-layout-constrained wp-container-core-group-is-layout-2aadf2d8 wp-block-group-is-layout-constrained" style="background-color:#f9fdf5;padding-top:64px;padding-right:20px;padding-bottom:64px;padding-left:20px">
<div class="wp-block-columns are-vertically-aligned-center is-layout-flex wp-container-core-columns-is-layout-96a9e0ec wp-block-columns-is-layout-flex" style="margin-top:0;margin-bottom:0;padding-top:0;padding-right:0;padding-bottom:0;padding-left:0">
<div class="wp-block-column is-vertically-aligned-center has-global-padding is-content-justification-left is-layout-constrained wp-container-core-column-is-layout-14fa8993 wp-block-column-is-layout-constrained" style="padding-top:0;padding-right:0;padding-bottom:0;padding-left:0;flex-basis:55%">
<div class="wp-block-group is-vertical is-layout-flex wp-container-core-group-is-layout-3ec2841e wp-block-group-is-layout-flex">
<h1 class="wp-block-heading has-text-align-left has-contrast-color has-text-color has-medium-font-size" style="text-transform:uppercase">Consells sobre extractors de suc</h1>



<h2 class="wp-block-heading has-text-align-left has-contrast-color has-text-color" style="font-size:clamp(22.041px, 1.378rem + ((1vw - 3.2px) * 1.604), 36px);">Reserva una consulta telefònica gratuïta i personalitzada amb un consultor Hurom.<br/><br/></h2>



<p class="has-text-align-left has-text-color" style="color:#666666;font-style:normal;font-weight:400">Selecciona la data i l&#8217;hora més convenients al calendari i Lia et trucarà per informar-te i contestar les teves dubtes sobre els nostres extractors i el món dels extractes de fruites i verdures.</p>
</div>
</div>



<div class="wp-block-column is-vertically-aligned-center is-layout-flow wp-block-column-is-layout-flow" style="flex-basis:45%">
<figure class="wp-block-image size-full has-custom-border"><img fetchpriority="high" decoding="async" width="500" height="500" src="https://hurom.es/wp-content/uploads/2024/02/hurom-h400-easy-clean.webp" alt="" class="wp-image-29734" style="border-radius:8px" title="" srcset="https://hurom.es/wp-content/uploads/2024/02/hurom-h400-easy-clean.webp 500w, https://hurom.es/wp-content/uploads/2024/02/hurom-h400-easy-clean-300x300.webp 300w, https://hurom.es/wp-content/uploads/2024/02/hurom-h400-easy-clean-150x150.webp 150w, https://hurom.es/wp-content/uploads/2024/02/hurom-h400-easy-clean-441x441.webp 441w, https://hurom.es/wp-content/uploads/2024/02/hurom-h400-easy-clean-100x100.webp 100w" sizes="(max-width: 500px) 100vw, 500px" /></figure>
</div>
</div>
</div>

<div style="height:100px" aria-hidden="true" class="wp-block-spacer"></div>

<div class="wp-block-group 800 is-vertical is-content-justification-stretch is-layout-flex wp-container-core-group-is-layout-5621715d wp-block-group-is-layout-flex">
<div class="wp-block-columns is-layout-flex wp-container-core-columns-is-layout-28f84493 wp-block-columns-is-layout-flex">
<div class="wp-block-column is-layout-flow wp-block-column-is-layout-flow" style="flex-basis:20%"></div>



<div class="wp-block-column is-layout-flow wp-block-column-is-layout-flow" style="flex-basis:70%">
<h2 class="wp-block-heading has-text-align-center">Conseller Hurom</h2>



<p class="has-text-align-center">Prova-ho i descobreix la solució Hurom a la teva mesura: <strong>Cada extractor Hurom és adequat per un conjunt de necessitats. Lia t&#8217;anirà guiant pas a pas en el procés de compra en línia, t&#8217;informarà i contestarà les teves preguntes, t&#8217;explicarà com treure&#8217;n el millor profit i t&#8217;oferirà els seus valuosos consells. </strong></p>



<p class="has-text-align-center">Si ho prefereixes, pots enviar-nos un correu electrònic a<a href="mailto:asistencia@hurom.es"> assistencia@hurom.es </a>i rebràs una resposta o més aviat possible.</p>



<!-- Principio del widget integrado de Calendly -->
<div class="calendly-inline-widget" data-url="https://calendly.com/asistencia-hurom/evento?hide_event_type_details=1&#038;hide_gdpr_banner=1&#038;primary_color=62ca36" style="min-width:320px;height:700px;"></div>
<script type="text/javascript" src="https://assets.calendly.com/assets/external/widget.js" async=""></script>
<!-- Final del widget integrado de Calendly -->
</div>



<div class="wp-block-column is-layout-flow wp-block-column-is-layout-flow" style="flex-basis:20%"></div>
</div>
</div>

<div style="height:100px" aria-hidden="true" class="wp-block-spacer"></div>

<div class="wp-block-cover alignfull has-parallax" style="min-height:700px;aspect-ratio:unset;"><span aria-hidden="true" class="wp-block-cover__background has-background-dim-40 has-background-dim" style="background-color:#000000"></span><div class="wp-block-cover__image-background wp-image-29733 has-parallax" style="background-position:50% 50%;background-image:url(https://hurom.es/wp-content/uploads/2024/02/consulente-hurom.jpeg)"></div><div class="wp-block-cover__inner-container is-layout-flow wp-block-cover-is-layout-flow">
<div class="wp-block-columns alignwide is-layout-flex wp-container-core-columns-is-layout-28f84493 wp-block-columns-is-layout-flex">
<div class="wp-block-column is-layout-flow wp-block-column-is-layout-flow" style="flex-basis:30%"></div>



<div class="wp-block-column is-layout-flow wp-block-column-is-layout-flow" style="flex-basis:80%">
<h2 class="wp-block-heading has-text-align-center alignwide has-white-color has-text-color has-large-font-size" style="line-height:1.2"><strong>Tria l&#8217;extractor que millor s&#8217;adapti a les teves necessitats i a les de la teva família juntament amb el teu consultor de confiança i aviat tindràs el teu nou Hurom a la teva disposició.</strong></h2>



<p class="has-text-align-center">SELECCIONA LA DATA I HORA MÉS CONVENIENT PER A TU, AL CALENDARI I A LIA ENTRARÀ EN CONTACTE AMB TU</p>
</div>



<div class="wp-block-column is-layout-flow wp-block-column-is-layout-flow" style="flex-basis:30%"></div>
</div>
</div></div>

<div class="wp-block-group alignfull has-global-padding is-layout-constrained wp-container-core-group-is-layout-d53f0d15 wp-block-group-is-layout-constrained" style="padding-top:64px;padding-right:20px;padding-bottom:64px;padding-left:20px">
<div class="wp-block-group is-vertical is-content-justification-left is-layout-flex wp-container-core-group-is-layout-a46a9c02 wp-block-group-is-layout-flex">
<h3 class="wp-block-heading has-text-align-center">PERGUNTES FREQUENTS</h3>



<div class="wp-block-group has-global-padding is-layout-constrained wp-container-core-group-is-layout-9843040e wp-block-group-is-layout-constrained">
<p class="has-text-color" style="color:#555555">A continuació trobaràs una sèrie de preguntes freqüents que hem recollit sobre aquest SERVEI DE CONSULTORIA GRATUÏTA</p>
</div>
</div>



<div class="wp-block-columns is-layout-flex wp-container-core-columns-is-layout-28f84493 wp-block-columns-is-layout-flex">
<div class="wp-block-column is-layout-flow wp-container-core-column-is-layout-6eecc127 wp-block-column-is-layout-flow" style="border-style:none;border-width:0px">
<div class="wp-block-columns is-layout-flex wp-container-core-columns-is-layout-28f84493 wp-block-columns-is-layout-flex">
<div class="wp-block-column is-layout-flow wp-block-column-is-layout-flow">
<p><br/><strong>Com puc reservar una consulta telefònica personalitzada?</strong></p>
</div>



<div class="wp-block-column is-layout-flow wp-block-column-is-layout-flow">
<p>Selecciona la data i l&#8217;hora que més et convingui al calendari, omple el formulari amb les dades necessàries i llest! Rebràs un correu electrònic amb el resum de la teva reserva: reserva’t aquest moment i posa’t còmode, Lia et presentarà el fascinant món de Hurom. </p>
</div>
</div>



<hr class="wp-block-separator has-text-color has-alpha-channel-opacity has-background is-style-default" style="background-color:#e7e7e7;color:#e7e7e7"/>



<div class="wp-block-columns is-layout-flex wp-container-core-columns-is-layout-28f84493 wp-block-columns-is-layout-flex">
<div class="wp-block-column is-layout-flow wp-block-column-is-layout-flow">
<p><strong>O que esdevindrà no dia dóna consulta telefônica personalitzada?</strong></p>
</div>



<div class="wp-block-column is-layout-flow wp-block-column-is-layout-flow">
<p>Lia entrarà em contato com você, ouvirá les seves solicitações i tirarà totes a les seves dúvides: não há compromisso de seva part i você também podrà manter contato com ella per a saber mais sobre a experiència Hurom no futur.</p>
</div>
</div>



<hr class="wp-block-separator has-text-color has-alpha-channel-opacity has-background is-style-default" style="background-color:#e7e7e7;color:#e7e7e7"/>



<div class="wp-block-columns is-layout-flex wp-container-core-columns-is-layout-28f84493 wp-block-columns-is-layout-flex">
<div class="wp-block-column is-layout-flow wp-block-column-is-layout-flow">
<p><strong>O que s&#8217;esdevé não aconseguir rebre a chamada o perdê-la?</strong></p>
</div>



<div class="wp-block-column is-layout-flow wp-block-column-is-layout-flow">
<p>Sem problemes! Lia temptarà entrar em contato com você pela primeira vegada per telefone. Em cas de temptativa fracassada, você rebrà uma missatge de text o WhatsApp dela perquè possam agendar uma segona ligação junts ou um mètode diferent de contato entre vocês.  </p>
</div>
</div>



<hr class="wp-block-separator has-text-color has-alpha-channel-opacity has-background is-style-default" style="background-color:#e7e7e7;color:#e7e7e7"/>



<div class="wp-block-columns is-layout-flex wp-container-core-columns-is-layout-28f84493 wp-block-columns-is-layout-flex">
<div class="wp-block-column is-layout-flow wp-block-column-is-layout-flow">
<p><strong>O aconsellament telefônico personalitzat em custa?</strong></p>
</div>



<div class="wp-block-column is-layout-flow wp-block-column-is-layout-flow">
<p>Absolutament não. A ligação é totalment gratuïta per a você. </p>
</div>
</div>



<hr class="wp-block-separator has-text-color has-alpha-channel-opacity has-background is-style-default" style="background-color:#e7e7e7;color:#e7e7e7"/>



<div class="wp-block-columns is-layout-flex wp-container-core-columns-is-layout-28f84493 wp-block-columns-is-layout-flex">
<div class="wp-block-column is-layout-flow wp-block-column-is-layout-flow">
<p><strong>Posso entrar a comptar direto com Lia?</strong></p>
</div>



<div class="wp-block-column is-layout-flow wp-block-column-is-layout-flow">
<p>És clar! Envie um email per <a href="mailto:asistencia@hurom.es">assist@hurom.es</a> i Lia respondrà a la seva consulta per email. </p>
</div>
</div>
</div>
</div>
</div>

<p>Consells sobre extractors de suc Reserva una consulta telefònica gratuïta i personalitzada amb un consultor Hurom. Selecciona la data i l&#8217;hora més convenients al calendari i Lia et trucarà per informar-te i contestar les teves dubtes sobre els nostres extractors i el món dels extractes de fruites i verdures. Conseller Hurom Prova-ho i descobreix la [&hellip;]</p>
